{"id":6,"date":"2019-01-08T14:20:40","date_gmt":"2019-01-08T13:20:40","guid":{"rendered":"http:\/\/www.swattenbeek.de\/portal\/?page_id=6"},"modified":"2020-11-21T01:07:57","modified_gmt":"2020-11-21T00:07:57","slug":"impressum","status":"publish","type":"page","link":"https:\/\/swattenbeek.de\/portal\/impressum\/","title":{"rendered":"Impressum"},"content":{"rendered":"<p>Verantwortlich f\u00fcr Inhalt, Konzeption &amp; Realisierung des Onlineportals:<\/p>\n<h3><em><strong>SWATTENBEEK.DE<\/strong><\/em><\/h3>\n<address>Andreas Kruse<br \/>\nSorbenweg 6<br \/>\nD-21493 Schwarzenbek\/SH<\/address>\n<address>Fon: +49-4151-8979699<br \/>\nFax: +49-4151-8979501<abbr title=\"10.478050\"><\/abbr><\/address>\n<address>E-Mail: webmaster (at) swattenbeek.de<\/address>\n<h3><\/h3>\n<h3>Gew\u00e4hrleistung<\/h3>\n<p><span style=\"font-size: 10pt;\">Wir bem\u00fchen uns um m\u00f6glichst korrekte und aktuelle Information. Trotzdem k\u00f6nnen Fehler auftreten. Die Inhalte wurden sorgf\u00e4ltig erarbeitet. Dennoch \u00fcbernehmen Autoren und Herausgeber keine Gew\u00e4hr f\u00fcr die Richtigkeit, Zuverl\u00e4ssigkeit, Vollst\u00e4ndigkeit und Aktualit\u00e4t der Information. Die Verwendung der Website und der darin enthaltenen Informationen erfolgt auf eigene Gefahr. \u00c4nderungen k\u00f6nnen jederzeit vorgenommen werden.<\/span><\/p>\n<h3>Haftung<\/h3>\n<p><span style=\"font-size: 10pt;\">Wir haftet nicht f\u00fcr Inhalte, die von den Anwendern im Zusammenhang mit dem Download und der Installation dieser Seite erstellt werden, bzw. f\u00fcr vorhandene Inhalte, die nach dem Download von den Anwendern ver\u00e4ndert werden.<\/span><\/p>\n<p><span style=\"font-size: 10pt;\">Wir haftet auch nicht f\u00fcr den Inhalt anderer Websites, auf die mittels Hyperlink verwiesen wird.<\/span><\/p>\n<p><strong><a href=\"http:\/\/www.swattenbeek.de\/portal\/datenschutzerklaerung\/\">Datenschutzhinweise<\/a><br \/>\n<\/strong><\/p>\n","protected":false},"excerpt":{"rendered":"<p>Verantwortlich f\u00fcr Inhalt, Konzeption &amp; Realisierung des Onlineportals: SWATTENBEEK.DE Andreas Kruse Sorbenweg 6 D-21493 Schwarzenbek\/SH Fon: +49-4151-8979699 Fax: +49-4151-8979501 E-Mail: webmaster (at) swattenbeek.de Gew\u00e4hrleistung Wir<\/p>\n","protected":false},"author":1,"featured_media":0,"parent":0,"menu_order":998,"comment_status":"closed","ping_status":"closed","template":"","meta":{"footnotes":""},"class_list":["post-6","page","type-page","status-publish","hentry"],"yoast_head":"<!-- This site is optimized with the Yoast SEO plugin v27.5 - https:\/\/yoast.com\/product\/yoast-seo-wordpress\/ -->\r\n<title>Impressum - Moin ut Swattenbeek<\/title>\r\n<meta name=\"robots\" content=\"index, follow, max-snippet:-1, max-image-preview:large, max-video-preview:-1\" \/>\r\n<link rel=\"canonical\" href=\"https:\/\/swattenbeek.de\/portal\/impressum\/\" \/>\r\n<meta name=\"twitter:label1\" content=\"Gesch\u00e4tzte Lesezeit\" \/>\n\t<meta name=\"twitter:data1\" content=\"1\u00a0Minute\" \/>\r\n<script type=\"application\/ld+json\" class=\"yoast-schema-graph\">{\"@context\":\"https:\\\/\\\/schema.org\",\"@graph\":[{\"@type\":\"WebPage\",\"@id\":\"https:\\\/\\\/swattenbeek.de\\\/portal\\\/impressum\\\/\",\"url\":\"https:\\\/\\\/swattenbeek.de\\\/portal\\\/impressum\\\/\",\"name\":\"Impressum - Moin ut Swattenbeek\",\"isPartOf\":{\"@id\":\"https:\\\/\\\/swattenbeek.de\\\/portal\\\/#website\"},\"datePublished\":\"2019-01-08T13:20:40+00:00\",\"dateModified\":\"2020-11-21T00:07:57+00:00\",\"breadcrumb\":{\"@id\":\"https:\\\/\\\/swattenbeek.de\\\/portal\\\/impressum\\\/#breadcrumb\"},\"inLanguage\":\"de\",\"potentialAction\":[{\"@type\":\"ReadAction\",\"target\":[\"https:\\\/\\\/swattenbeek.de\\\/portal\\\/impressum\\\/\"]}]},{\"@type\":\"BreadcrumbList\",\"@id\":\"https:\\\/\\\/swattenbeek.de\\\/portal\\\/impressum\\\/#breadcrumb\",\"itemListElement\":[{\"@type\":\"ListItem\",\"position\":1,\"name\":\"Startseite\",\"item\":\"https:\\\/\\\/swattenbeek.de\\\/portal\\\/\"},{\"@type\":\"ListItem\",\"position\":2,\"name\":\"Impressum\"}]},{\"@type\":\"WebSite\",\"@id\":\"https:\\\/\\\/swattenbeek.de\\\/portal\\\/#website\",\"url\":\"https:\\\/\\\/swattenbeek.de\\\/portal\\\/\",\"name\":\"Swattenbeek\",\"description\":\"Sleswig-Holsteen\",\"potentialAction\":[{\"@type\":\"SearchAction\",\"target\":{\"@type\":\"EntryPoint\",\"urlTemplate\":\"https:\\\/\\\/swattenbeek.de\\\/portal\\\/?s={search_term_string}\"},\"query-input\":{\"@type\":\"PropertyValueSpecification\",\"valueRequired\":true,\"valueName\":\"search_term_string\"}}],\"inLanguage\":\"de\"}]}<\/script>\r\n<!-- \/ Yoast SEO plugin. -->","yoast_head_json":{"title":"Impressum - Moin ut Swattenbeek","robots":{"index":"index","follow":"follow","max-snippet":"max-snippet:-1","max-image-preview":"max-image-preview:large","max-video-preview":"max-video-preview:-1"},"canonical":"https:\/\/swattenbeek.de\/portal\/impressum\/","twitter_misc":{"Gesch\u00e4tzte Lesezeit":"1\u00a0Minute"},"schema":{"@context":"https:\/\/schema.org","@graph":[{"@type":"WebPage","@id":"https:\/\/swattenbeek.de\/portal\/impressum\/","url":"https:\/\/swattenbeek.de\/portal\/impressum\/","name":"Impressum - Moin ut Swattenbeek","isPartOf":{"@id":"https:\/\/swattenbeek.de\/portal\/#website"},"datePublished":"2019-01-08T13:20:40+00:00","dateModified":"2020-11-21T00:07:57+00:00","breadcrumb":{"@id":"https:\/\/swattenbeek.de\/portal\/impressum\/#breadcrumb"},"inLanguage":"de","potentialAction":[{"@type":"ReadAction","target":["https:\/\/swattenbeek.de\/portal\/impressum\/"]}]},{"@type":"BreadcrumbList","@id":"https:\/\/swattenbeek.de\/portal\/impressum\/#breadcrumb","itemListElement":[{"@type":"ListItem","position":1,"name":"Startseite","item":"https:\/\/swattenbeek.de\/portal\/"},{"@type":"ListItem","position":2,"name":"Impressum"}]},{"@type":"WebSite","@id":"https:\/\/swattenbeek.de\/portal\/#website","url":"https:\/\/swattenbeek.de\/portal\/","name":"Swattenbeek","description":"Sleswig-Holsteen","potentialAction":[{"@type":"SearchAction","target":{"@type":"EntryPoint","urlTemplate":"https:\/\/swattenbeek.de\/portal\/?s={search_term_string}"},"query-input":{"@type":"PropertyValueSpecification","valueRequired":true,"valueName":"search_term_string"}}],"inLanguage":"de"}]}},"jetpack_shortlink":"https:\/\/wp.me\/PczD5s-6","jetpack_sharing_enabled":false,"_links":{"self":[{"href":"https:\/\/swattenbeek.de\/portal\/wp-json\/wp\/v2\/pages\/6","targetHints":{"allow":["GET"]}}],"collection":[{"href":"https:\/\/swattenbeek.de\/portal\/wp-json\/wp\/v2\/pages"}],"about":[{"href":"https:\/\/swattenbeek.de\/portal\/wp-json\/wp\/v2\/types\/page"}],"author":[{"embeddable":true,"href":"https:\/\/swattenbeek.de\/portal\/wp-json\/wp\/v2\/users\/1"}],"replies":[{"embeddable":true,"href":"https:\/\/swattenbeek.de\/portal\/wp-json\/wp\/v2\/comments?post=6"}],"version-history":[{"count":0,"href":"https:\/\/swattenbeek.de\/portal\/wp-json\/wp\/v2\/pages\/6\/revisions"}],"wp:attachment":[{"href":"https:\/\/swattenbeek.de\/portal\/wp-json\/wp\/v2\/media?parent=6"}],"curies":[{"name":"wp","href":"https:\/\/api.w.org\/{rel}","templated":true}]}}